{"id":2,"date":"2010-11-30T18:24:33","date_gmt":"2010-11-30T18:24:33","guid":{"rendered":"http:\/\/rfv-ellefeld.vps6852.alfahosting-vps.de\/?page_id=2"},"modified":"2023-04-09T19:54:11","modified_gmt":"2023-04-09T19:54:11","slug":"vereinsgeschichte","status":"publish","type":"page","link":"https:\/\/www.reitverein-ellefeld.de\/?page_id=2","title":{"rendered":"Unser Verein"},"content":{"rendered":"\n<p>Der Stall und die Reitanlage finden sich im sch\u00f6nen Ellefeld im Vogtland, in der S\u00fcdstra\u00dfe. Neben einer Reithalle gibt es einen gro\u00dfz\u00fcgigen Reitplatz mit Flutlichtanlage, einen kleineren Abreiteplatz und f\u00fcr Ausritte gibt es viele sch\u00f6ne Reitwege in der n\u00e4heren Umgebung.<\/p>\n\n\n\n<figure class=\"wp-block-image size-large\"><img decoding=\"async\" src=\"https:\/\/www.reitverein-ellefeld.de\/\/wp-content\/uploads\/schoeniger-pferde-nggid03208-ngg0dyn-533x400x100-00f0w010c010r110f110r010t010-1.jpg\" alt=\"\" class=\"wp-image-3031\"\/><\/figure>\n\n\n<p>Kontakt: <br \/>Gunter Sch\u00f6niger<br \/>S\u00fcdstra\u00dfe 28, 08236 Ellefeld<br \/>Tel. 0176 \/72 15 24 48<\/p>\n\n\n<figure class=\"wp-block-image size-large is-resized\"><img decoding=\"async\" loading=\"lazy\" src=\"https:\/\/www.reitverein-ellefeld.de\/\/wp-content\/uploads\/Vorstand2014.jpg\" alt=\"\" class=\"wp-image-3026\" width=\"455\" height=\"341\"\/><figcaption class=\"wp-element-caption\">Unser Vereinsvorstand<\/figcaption><\/figure>\n\n\n\n<p><\/p>\n\n\n\n<div class=\"wp-block-file\"><a id=\"wp-block-file--media-6aa3684f-cf39-4253-a265-8efd433e8b44\" href=\"https:\/\/www.reitverein-ellefeld.de\/\/wp-content\/uploads\/Reitanlagenordnung-Ellefeld.pdf\">Reitanlagenordnung Ellefeld<\/a><a href=\"https:\/\/www.reitverein-ellefeld.de\/\/wp-content\/uploads\/Reitanlagenordnung-Ellefeld.pdf\" class=\"wp-block-file__button wp-element-button\" download aria-describedby=\"wp-block-file--media-6aa3684f-cf39-4253-a265-8efd433e8b44\">Herunterladen<\/a><\/div>\n\n\n\n<div class=\"wp-block-file\"><a id=\"wp-block-file--media-db467378-3071-4f83-9440-2e082df17818\" href=\"https:\/\/www.reitverein-ellefeld.de\/\/wp-content\/uploads\/Satzung-RFV.pdf\">Satzung RFV<\/a><a href=\"https:\/\/www.reitverein-ellefeld.de\/\/wp-content\/uploads\/Satzung-RFV.pdf\" class=\"wp-block-file__button wp-element-button\" download aria-describedby=\"wp-block-file--media-db467378-3071-4f83-9440-2e082df17818\">Herunterladen<\/a><\/div>\n\n\n\n<p><\/p>\n\n\n\n<p class=\"has-text-color\" style=\"color:#90661e;font-size:25px\"><strong>Seit 1925 Reit- und Fahrverein Ellefeld e. V.<\/strong><\/p>\n\n\n\n<p>In der Zeit nach dem 1. Weltkrieg setzte sich verst\u00e4rkt der Gedanke durch, das Pferd nicht nur als Ackerpferd, sondern auch als &#8222;Sportger\u00e4t&#8220; zu nutzen.<\/p>\n\n\n\n<figure class=\"wp-block-image size-full\"><a href=\"https:\/\/www.reitverein-ellefeld.de\/wp-content\/uploads\/Bild-1.jpg\"><img decoding=\"async\" loading=\"lazy\" width=\"751\" height=\"521\" src=\"https:\/\/www.reitverein-ellefeld.de\/wp-content\/uploads\/Bild-1.jpg\" alt=\"\" class=\"wp-image-63144\" srcset=\"https:\/\/www.reitverein-ellefeld.de\/wp-content\/uploads\/Bild-1.jpg 751w, https:\/\/www.reitverein-ellefeld.de\/wp-content\/uploads\/Bild-1-300x208.jpg 300w\" sizes=\"(max-width: 751px) 100vw, 751px\" \/><\/a><\/figure>\n\n\n\n<p>Die landwirtschaftliche Presse warb f\u00fcr die Bildung l\u00e4ndlicher Reit- und Fahrvereine. Die Ausbildung der Reiter sollte alle Bereiche der Reitkunst umfassen: Gel\u00e4nderitte, Frei\u00fcbungen zu Pferde, Turnierreiten und auch das Fahren. Reit- und Fahrturniere sollten die \u00d6ffentlichkeit interessieren und H\u00f6hepunkte der Ausbildung sein. So hat sich am <strong>5. Februar 1925<\/strong> der Reit- und Fahrverein Ellefeld und Umgebung gegr\u00fcndet. Als Reitplatz diente damals der Schuttablagerungsplatz in der N\u00e4he des Trommerschen Gutes in Ellefeld.<\/p>\n\n\n\n<p>Zum ersten Jahrestag konnte man bereits 70 Vereinsmitglieder und 330 Pferde z\u00e4hlen. Es wurden Reiterfeste ausgerichtet, die Ausbildung schritt voran und immer \u00f6fter beteiligte man sich an Wettk\u00e4mpfen und weiteren Veranstaltungen, wie am<\/p>\n\n\n\n<ul>\n<li>5. Mai 1929 am 3. Vogtl\u00e4ndischen Kavallerie-Tag in Auerbach<\/li>\n\n\n\n<li>18. Mai 1930 am Sternritt des Vogtl\u00e4ndischen Reiterbundes<\/li>\n\n\n\n<li>7. September 1930 am Reichs-Stafetten-Ritt.<\/li>\n<\/ul>\n\n\n\n<p>Der politische Wandel und der Beginn des 2. Weltkrieges brachten das vor\u00fcbergehende Ende der Vereinst\u00e4tigkeit mit sich.<\/p>\n\n\n\n<p>Am <strong>21. Februar 1952<\/strong> gr\u00fcndete man die &#8222;Sektion Reiten und Fahren&#8220;. Reitstunden und theoretischer Unterricht, Arbeitseins\u00e4tze und Organisationsarbeit konnten wieder beginnen.<\/p>\n\n\n\n<figure class=\"wp-block-image size-large\"><a href=\"https:\/\/www.reitverein-ellefeld.de\/wp-content\/uploads\/Bild-2.jpg\"><img decoding=\"async\" loading=\"lazy\" width=\"1024\" height=\"714\" src=\"https:\/\/www.reitverein-ellefeld.de\/wp-content\/uploads\/Bild-2-1024x714.jpg\" alt=\"\" class=\"wp-image-63146\" srcset=\"https:\/\/www.reitverein-ellefeld.de\/wp-content\/uploads\/Bild-2-1024x714.jpg 1024w, https:\/\/www.reitverein-ellefeld.de\/wp-content\/uploads\/Bild-2-300x209.jpg 300w, https:\/\/www.reitverein-ellefeld.de\/wp-content\/uploads\/Bild-2-768x535.jpg 768w, https:\/\/www.reitverein-ellefeld.de\/wp-content\/uploads\/Bild-2.jpg 1502w\" sizes=\"(max-width: 1024px) 100vw, 1024px\" \/><\/a><\/figure>\n\n\n\n<p>Am <strong>1. November 1991<\/strong> erfolgte die offizielle Neugr\u00fcndung des &#8222;Reit- und Fahrvereins Ellefeld und Umgebung&#8220;, zu dessen Vorsitzendem Arndt Sch\u00f6niger gew\u00e4hlt wurde.<\/p>\n\n\n\n<figure class=\"wp-block-image size-large\"><a href=\"https:\/\/www.reitverein-ellefeld.de\/wp-content\/uploads\/Arndt.jpg\"><img decoding=\"async\" loading=\"lazy\" width=\"1024\" height=\"768\" src=\"https:\/\/www.reitverein-ellefeld.de\/wp-content\/uploads\/Arndt-1024x768.jpg\" alt=\"\" class=\"wp-image-63147\" srcset=\"https:\/\/www.reitverein-ellefeld.de\/wp-content\/uploads\/Arndt-1024x768.jpg 1024w, https:\/\/www.reitverein-ellefeld.de\/wp-content\/uploads\/Arndt-300x225.jpg 300w, https:\/\/www.reitverein-ellefeld.de\/wp-content\/uploads\/Arndt-768x576.jpg 768w, https:\/\/www.reitverein-ellefeld.de\/wp-content\/uploads\/Arndt-1536x1152.jpg 1536w, https:\/\/www.reitverein-ellefeld.de\/wp-content\/uploads\/Arndt-2048x1536.jpg 2048w\" sizes=\"(max-width: 1024px) 100vw, 1024px\" \/><\/a><\/figure>\n\n\n\n<p><strong>1995<\/strong> wurde die<strong> Neue Reithalle<\/strong> fertig gestellt. Dies nutzte der Verein, um sein 70. Jubil\u00e4um mit der \u00d6ffentlichkeit zu feiern. Ein buntes Schauprogramm wurde vorgef\u00fchrt.<\/p>\n\n\n\n<p>Seitdem nahmen die Vereinsmitglieder immer \u00f6fter an Turnieren teil und errangen bereits zahlreiche Erfolge. So wurde zum Beispiel Gunter Sch\u00f6niger 1998 Vogtlandmeister in der Vielseitigkeit, im Jahr 2001 und 2002 holte er gleich 2 Vogtlandmeistertitel.<\/p>\n\n\n\n<p>Dort, wo vorher nur ein Behelfsreitplatz, beziehungsweise Feld und Wiese war, ist im Jahr <strong>2002<\/strong> ein <strong>Neuer Reitplatz<\/strong> entstanden. Oberhalb der Reithalle entstand au\u00dferdem ein kleinerer Abreiteplatz. Auf dem Gel\u00e4nde zwischen Reit- und Fu\u00dfballplatz wurden rund 60 Parkpl\u00e4tze geschaffen.<\/p>\n\n\n\n<figure class=\"wp-block-image size-large\"><a href=\"https:\/\/www.reitverein-ellefeld.de\/wp-content\/uploads\/Reitplatzbau-1.jpg\"><img decoding=\"async\" loading=\"lazy\" width=\"1024\" height=\"671\" src=\"https:\/\/www.reitverein-ellefeld.de\/wp-content\/uploads\/Reitplatzbau-1-1024x671.jpg\" alt=\"\" class=\"wp-image-63148\" srcset=\"https:\/\/www.reitverein-ellefeld.de\/wp-content\/uploads\/Reitplatzbau-1-1024x671.jpg 1024w, https:\/\/www.reitverein-ellefeld.de\/wp-content\/uploads\/Reitplatzbau-1-300x197.jpg 300w, https:\/\/www.reitverein-ellefeld.de\/wp-content\/uploads\/Reitplatzbau-1-768x503.jpg 768w, https:\/\/www.reitverein-ellefeld.de\/wp-content\/uploads\/Reitplatzbau-1-1536x1007.jpg 1536w, https:\/\/www.reitverein-ellefeld.de\/wp-content\/uploads\/Reitplatzbau-1.jpg 1770w\" sizes=\"(max-width: 1024px) 100vw, 1024px\" \/><\/a><\/figure>\n\n\n\n<p>Mit der <strong>Jubil\u00e4umsfeier &#8222;80 Jahre RFV Ellefeld&#8220;<\/strong> 2005 wurde ein gro\u00dfartiges Fest gefeiert, welches uns noch viele Jahre mit Freude im Ged\u00e4chtnis sein wird, was auch der erschienene Zeitungsartikel zeigt.<\/p>\n\n\n\n<figure class=\"wp-block-image size-large\"><a href=\"https:\/\/www.reitverein-ellefeld.de\/wp-content\/uploads\/Grusswort-mit-Unterschrift-Buergermeister.jpg\"><img decoding=\"async\" loading=\"lazy\" width=\"742\" height=\"1024\" src=\"https:\/\/www.reitverein-ellefeld.de\/wp-content\/uploads\/Grusswort-mit-Unterschrift-Buergermeister-742x1024.jpg\" alt=\"\" class=\"wp-image-63149\" srcset=\"https:\/\/www.reitverein-ellefeld.de\/wp-content\/uploads\/Grusswort-mit-Unterschrift-Buergermeister-742x1024.jpg 742w, https:\/\/www.reitverein-ellefeld.de\/wp-content\/uploads\/Grusswort-mit-Unterschrift-Buergermeister-217x300.jpg 217w, https:\/\/www.reitverein-ellefeld.de\/wp-content\/uploads\/Grusswort-mit-Unterschrift-Buergermeister-768x1060.jpg 768w, https:\/\/www.reitverein-ellefeld.de\/wp-content\/uploads\/Grusswort-mit-Unterschrift-Buergermeister-1113x1536.jpg 1113w, https:\/\/www.reitverein-ellefeld.de\/wp-content\/uploads\/Grusswort-mit-Unterschrift-Buergermeister.jpg 1272w\" sizes=\"(max-width: 742px) 100vw, 742px\" \/><\/a><\/figure>\n\n\n\n<p>Mit dem Bau des <strong>Richter- und Ger\u00e4tehauses 2008<\/strong> wurde die Reitanlage nahezu vervollst\u00e4ndigt und den Pferdesportlern optimale Bedingungen geschaffen.<\/p>\n\n\n\n<p>Alle Jahre erlebt der Verein zahlreiche H\u00f6hepunkte, zu denen das Schauprogramm zum Besenbrennen, die Teilnahme an Hubertusjagden und Turnieren, der M\u00e4rchenumzug in Auerbach sowie das allj\u00e4hrlich durchgef\u00fchrte Turnier zur Ellefelder Kirmes z\u00e4hlen. Es finden Vereinsausritte statt. Faschingsreiten und Skij\u00f6ring finden vor allem bei den j\u00fcngeren Reitern guten Anklang. Auch wird den Reitern neben dem regul\u00e4r stattfindenden Reitunterricht die M\u00f6glichkeit geboten, an mehrt\u00e4gigen Reitlehrg\u00e4ngen namhafter Trainer teilzunehmen. <\/p>\n\n\n\n<p>Jedes Jahr gibt es neue Highlights &#8211; komm einfach vorbei!<\/p>\n","protected":false},"excerpt":{"rendered":"<p>Der Stall und die Reitanlage finden sich im sch\u00f6nen Ellefeld im Vogtland, in der S\u00fcdstra\u00dfe. Neben einer Reithalle gibt es einen gro\u00dfz\u00fcgigen Reitplatz mit Flutlichtanlage, einen kleineren Abreiteplatz und f\u00fcr Ausritte gibt es viele sch\u00f6ne Reitwege in der n\u00e4heren Umgebung. Kontakt: Gunter Sch\u00f6nigerS\u00fcdstra\u00dfe 28, 08236 EllefeldTel. 0176 \/72 15 24 48 Seit 1925 Reit- und [&hellip;]<\/p>\n","protected":false},"author":1,"featured_media":0,"parent":0,"menu_order":1,"comment_status":"open","ping_status":"open","template":"","meta":[],"_links":{"self":[{"href":"https:\/\/www.reitverein-ellefeld.de\/index.php?rest_route=\/wp\/v2\/pages\/2"}],"collection":[{"href":"https:\/\/www.reitverein-ellefeld.de\/index.php?rest_route=\/wp\/v2\/pages"}],"about":[{"href":"https:\/\/www.reitverein-ellefeld.de\/index.php?rest_route=\/wp\/v2\/types\/page"}],"author":[{"embeddable":true,"href":"https:\/\/www.reitverein-ellefeld.de\/index.php?rest_route=\/wp\/v2\/users\/1"}],"replies":[{"embeddable":true,"href":"https:\/\/www.reitverein-ellefeld.de\/index.php?rest_route=%2Fwp%2Fv2%2Fcomments&post=2"}],"version-history":[{"count":131,"href":"https:\/\/www.reitverein-ellefeld.de\/index.php?rest_route=\/wp\/v2\/pages\/2\/revisions"}],"predecessor-version":[{"id":63151,"href":"https:\/\/www.reitverein-ellefeld.de\/index.php?rest_route=\/wp\/v2\/pages\/2\/revisions\/63151"}],"wp:attachment":[{"href":"https:\/\/www.reitverein-ellefeld.de\/index.php?rest_route=%2Fwp%2Fv2%2Fmedia&parent=2"}],"curies":[{"name":"wp","href":"https:\/\/api.w.org\/{rel}","templated":true}]}}

<p>Der Stall und die Reitanlage finden sich im schönen Ellefeld im Vogtland, in der Südstraße. Neben einer Reithalle gibt es einen großzügigen Reitplatz mit Flutlichtanlage, einen kleineren Abreiteplatz und für Ausritte gibt es viele schöne Reitwege in der näheren Umgebung.</p>



<figure class="wp-block-image size-large"><img decoding="async" src="https://www.reitverein-ellefeld.de//wp-content/uploads/schoeniger-pferde-nggid03208-ngg0dyn-533x400x100-00f0w010c010r110f110r010t010-1.jpg" alt="" class="wp-image-3031"/></figure>


<p>Kontakt: <br />Gunter Schöniger<br />Südstraße 28, 08236 Ellefeld<br />Tel. 0176 /72 15 24 48</p>


<figure class="wp-block-image size-large is-resized"><img decoding="async" loading="lazy" src="https://www.reitverein-ellefeld.de//wp-content/uploads/Vorstand2014.jpg" alt="" class="wp-image-3026" width="455" height="341"/><figcaption class="wp-element-caption">Unser Vereinsvorstand</figcaption></figure>



<p></p>



<div class="wp-block-file"><a id="wp-block-file--media-6aa3684f-cf39-4253-a265-8efd433e8b44" href="https://www.reitverein-ellefeld.de//wp-content/uploads/Reitanlagenordnung-Ellefeld.pdf">Reitanlagenordnung Ellefeld</a><a href="https://www.reitverein-ellefeld.de//wp-content/uploads/Reitanlagenordnung-Ellefeld.pdf" class="wp-block-file__button wp-element-button" download aria-describedby="wp-block-file--media-6aa3684f-cf39-4253-a265-8efd433e8b44">Herunterladen</a></div>



<div class="wp-block-file"><a id="wp-block-file--media-db467378-3071-4f83-9440-2e082df17818" href="https://www.reitverein-ellefeld.de//wp-content/uploads/Satzung-RFV.pdf">Satzung RFV</a><a href="https://www.reitverein-ellefeld.de//wp-content/uploads/Satzung-RFV.pdf" class="wp-block-file__button wp-element-button" download aria-describedby="wp-block-file--media-db467378-3071-4f83-9440-2e082df17818">Herunterladen</a></div>



<p></p>



<p class="has-text-color" style="color:#90661e;font-size:25px"><strong>Seit 1925 Reit- und Fahrverein Ellefeld e. V.</strong></p>



<p>In der Zeit nach dem 1. Weltkrieg setzte sich verstärkt der Gedanke durch, das Pferd nicht nur als Ackerpferd, sondern auch als &#8222;Sportgerät&#8220; zu nutzen.</p>



<figure class="wp-block-image size-full"><a href="https://www.reitverein-ellefeld.de/wp-content/uploads/Bild-1.jpg"><img decoding="async" loading="lazy" width="751" height="521" src="https://www.reitverein-ellefeld.de/wp-content/uploads/Bild-1.jpg" alt="" class="wp-image-63144" srcset="https://www.reitverein-ellefeld.de/wp-content/uploads/Bild-1.jpg 751w, https://www.reitverein-ellefeld.de/wp-content/uploads/Bild-1-300x208.jpg 300w" sizes="(max-width: 751px) 100vw, 751px" /></a></figure>



<p>Die landwirtschaftliche Presse warb für die Bildung ländlicher Reit- und Fahrvereine. Die Ausbildung der Reiter sollte alle Bereiche der Reitkunst umfassen: Geländeritte, Freiübungen zu Pferde, Turnierreiten und auch das Fahren. Reit- und Fahrturniere sollten die Öffentlichkeit interessieren und Höhepunkte der Ausbildung sein. So hat sich am <strong>5. Februar 1925</strong> der Reit- und Fahrverein Ellefeld und Umgebung gegründet. Als Reitplatz diente damals der Schuttablagerungsplatz in der Nähe des Trommerschen Gutes in Ellefeld.</p>



<p>Zum ersten Jahrestag konnte man bereits 70 Vereinsmitglieder und 330 Pferde zählen. Es wurden Reiterfeste ausgerichtet, die Ausbildung schritt voran und immer öfter beteiligte man sich an Wettkämpfen und weiteren Veranstaltungen, wie am</p>



<ul>
<li>5. Mai 1929 am 3. Vogtländischen Kavallerie-Tag in Auerbach</li>



<li>18. Mai 1930 am Sternritt des Vogtländischen Reiterbundes</li>



<li>7. September 1930 am Reichs-Stafetten-Ritt.</li>
</ul>



<p>Der politische Wandel und der Beginn des 2. Weltkrieges brachten das vorübergehende Ende der Vereinstätigkeit mit sich.</p>



<p>Am <strong>21. Februar 1952</strong> gründete man die &#8222;Sektion Reiten und Fahren&#8220;. Reitstunden und theoretischer Unterricht, Arbeitseinsätze und Organisationsarbeit konnten wieder beginnen.</p>



<figure class="wp-block-image size-large"><a href="https://www.reitverein-ellefeld.de/wp-content/uploads/Bild-2.jpg"><img decoding="async" loading="lazy" width="1024" height="714" src="https://www.reitverein-ellefeld.de/wp-content/uploads/Bild-2-1024x714.jpg" alt="" class="wp-image-63146" srcset="https://www.reitverein-ellefeld.de/wp-content/uploads/Bild-2-1024x714.jpg 1024w, https://www.reitverein-ellefeld.de/wp-content/uploads/Bild-2-300x209.jpg 300w, https://www.reitverein-ellefeld.de/wp-content/uploads/Bild-2-768x535.jpg 768w, https://www.reitverein-ellefeld.de/wp-content/uploads/Bild-2.jpg 1502w" sizes="(max-width: 1024px) 100vw, 1024px" /></a></figure>



<p>Am <strong>1. November 1991</strong> erfolgte die offizielle Neugründung des &#8222;Reit- und Fahrvereins Ellefeld und Umgebung&#8220;, zu dessen Vorsitzendem Arndt Schöniger gewählt wurde.</p>



<figure class="wp-block-image size-large"><a href="https://www.reitverein-ellefeld.de/wp-content/uploads/Arndt.jpg"><img decoding="async" loading="lazy" width="1024" height="768" src="https://www.reitverein-ellefeld.de/wp-content/uploads/Arndt-1024x768.jpg" alt="" class="wp-image-63147" srcset="https://www.reitverein-ellefeld.de/wp-content/uploads/Arndt-1024x768.jpg 1024w, https://www.reitverein-ellefeld.de/wp-content/uploads/Arndt-300x225.jpg 300w, https://www.reitverein-ellefeld.de/wp-content/uploads/Arndt-768x576.jpg 768w, https://www.reitverein-ellefeld.de/wp-content/uploads/Arndt-1536x1152.jpg 1536w, https://www.reitverein-ellefeld.de/wp-content/uploads/Arndt-2048x1536.jpg 2048w" sizes="(max-width: 1024px) 100vw, 1024px" /></a></figure>



<p><strong>1995</strong> wurde die<strong> Neue Reithalle</strong> fertig gestellt. Dies nutzte der Verein, um sein 70. Jubiläum mit der Öffentlichkeit zu feiern. Ein buntes Schauprogramm wurde vorgeführt.</p>



<p>Seitdem nahmen die Vereinsmitglieder immer öfter an Turnieren teil und errangen bereits zahlreiche Erfolge. So wurde zum Beispiel Gunter Schöniger 1998 Vogtlandmeister in der Vielseitigkeit, im Jahr 2001 und 2002 holte er gleich 2 Vogtlandmeistertitel.</p>



<p>Dort, wo vorher nur ein Behelfsreitplatz, beziehungsweise Feld und Wiese war, ist im Jahr <strong>2002</strong> ein <strong>Neuer Reitplatz</strong> entstanden. Oberhalb der Reithalle entstand außerdem ein kleinerer Abreiteplatz. Auf dem Gelände zwischen Reit- und Fußballplatz wurden rund 60 Parkplätze geschaffen.</p>



<figure class="wp-block-image size-large"><a href="https://www.reitverein-ellefeld.de/wp-content/uploads/Reitplatzbau-1.jpg"><img decoding="async" loading="lazy" width="1024" height="671" src="https://www.reitverein-ellefeld.de/wp-content/uploads/Reitplatzbau-1-1024x671.jpg" alt="" class="wp-image-63148" srcset="https://www.reitverein-ellefeld.de/wp-content/uploads/Reitplatzbau-1-1024x671.jpg 1024w, https://www.reitverein-ellefeld.de/wp-content/uploads/Reitplatzbau-1-300x197.jpg 300w, https://www.reitverein-ellefeld.de/wp-content/uploads/Reitplatzbau-1-768x503.jpg 768w, https://www.reitverein-ellefeld.de/wp-content/uploads/Reitplatzbau-1-1536x1007.jpg 1536w, https://www.reitverein-ellefeld.de/wp-content/uploads/Reitplatzbau-1.jpg 1770w" sizes="(max-width: 1024px) 100vw, 1024px" /></a></figure>



<p>Mit der <strong>Jubiläumsfeier &#8222;80 Jahre RFV Ellefeld&#8220;</strong> 2005 wurde ein großartiges Fest gefeiert, welches uns noch viele Jahre mit Freude im Gedächtnis sein wird, was auch der erschienene Zeitungsartikel zeigt.</p>



<figure class="wp-block-image size-large"><a href="https://www.reitverein-ellefeld.de/wp-content/uploads/Grusswort-mit-Unterschrift-Buergermeister.jpg"><img decoding="async" loading="lazy" width="742" height="1024" src="https://www.reitverein-ellefeld.de/wp-content/uploads/Grusswort-mit-Unterschrift-Buergermeister-742x1024.jpg" alt="" class="wp-image-63149" srcset="https://www.reitverein-ellefeld.de/wp-content/uploads/Grusswort-mit-Unterschrift-Buergermeister-742x1024.jpg 742w, https://www.reitverein-ellefeld.de/wp-content/uploads/Grusswort-mit-Unterschrift-Buergermeister-217x300.jpg 217w, https://www.reitverein-ellefeld.de/wp-content/uploads/Grusswort-mit-Unterschrift-Buergermeister-768x1060.jpg 768w, https://www.reitverein-ellefeld.de/wp-content/uploads/Grusswort-mit-Unterschrift-Buergermeister-1113x1536.jpg 1113w, https://www.reitverein-ellefeld.de/wp-content/uploads/Grusswort-mit-Unterschrift-Buergermeister.jpg 1272w" sizes="(max-width: 742px) 100vw, 742px" /></a></figure>



<p>Mit dem Bau des <strong>Richter- und Gerätehauses 2008</strong> wurde die Reitanlage nahezu vervollständigt und den Pferdesportlern optimale Bedingungen geschaffen.</p>



<p>Alle Jahre erlebt der Verein zahlreiche Höhepunkte, zu denen das Schauprogramm zum Besenbrennen, die Teilnahme an Hubertusjagden und Turnieren, der Märchenumzug in Auerbach sowie das alljährlich durchgeführte Turnier zur Ellefelder Kirmes zählen. Es finden Vereinsausritte statt. Faschingsreiten und Skijöring finden vor allem bei den jüngeren Reitern guten Anklang. Auch wird den Reitern neben dem regulär stattfindenden Reitunterricht die Möglichkeit geboten, an mehrtägigen Reitlehrgängen namhafter Trainer teilzunehmen. </p>



<p>Jedes Jahr gibt es neue Highlights &#8211; komm einfach vorbei!</p>

<p>Der Stall und die Reitanlage finden sich im schönen Ellefeld im Vogtland, in der Südstraße. Neben einer Reithalle gibt es einen großzügigen Reitplatz mit Flutlichtanlage, einen kleineren Abreiteplatz und für Ausritte gibt es viele schöne Reitwege in der näheren Umgebung. Kontakt: Gunter SchönigerSüdstraße 28, 08236 EllefeldTel. 0176 /72 15 24 48 Seit 1925 Reit- und [&hellip;]</p>
