{"id":414,"date":"2011-10-25T06:25:01","date_gmt":"2011-10-25T06:25:01","guid":{"rendered":"https:\/\/www.reitverein-ellefeld.de\/?page_id=414"},"modified":"2019-10-10T17:55:06","modified_gmt":"2019-10-10T17:55:06","slug":"kontakt","status":"publish","type":"page","link":"https:\/\/www.reitverein-ellefeld.de\/?page_id=414","title":{"rendered":"Kontakt"},"content":{"rendered":"\n<ul><li>Gunter Sch\u00f6niger<\/li><li>S\u00fcdstra\u00dfe 28<br> 08236 Ellefeld<\/li><li>0176 \/72 15 24 48<\/li><\/ul>\n","protected":false},"excerpt":{"rendered":"<p>Gunter Sch\u00f6niger S\u00fcdstra\u00dfe 28 08236 Ellefeld 0176 \/72 15 24 48<\/p>\n","protected":false},"author":1,"featured_media":0,"parent":0,"menu_order":0,"comment_status":"open","ping_status":"open","template":"","meta":[],"_links":{"self":[{"href":"https:\/\/www.reitverein-ellefeld.de\/index.php?rest_route=\/wp\/v2\/pages\/414"}],"collection":[{"href":"https:\/\/www.reitverein-ellefeld.de\/index.php?rest_route=\/wp\/v2\/pages"}],"about":[{"href":"https:\/\/www.reitverein-ellefeld.de\/index.php?rest_route=\/wp\/v2\/types\/page"}],"author":[{"embeddable":true,"href":"https:\/\/www.reitverein-ellefeld.de\/index.php?rest_route=\/wp\/v2\/users\/1"}],"replies":[{"embeddable":true,"href":"https:\/\/www.reitverein-ellefeld.de\/index.php?rest_route=%2Fwp%2Fv2%2Fcomments&post=414"}],"version-history":[{"count":5,"href":"https:\/\/www.reitverein-ellefeld.de\/index.php?rest_route=\/wp\/v2\/pages\/414\/revisions"}],"predecessor-version":[{"id":2684,"href":"https:\/\/www.reitverein-ellefeld.de\/index.php?rest_route=\/wp\/v2\/pages\/414\/revisions\/2684"}],"wp:attachment":[{"href":"https:\/\/www.reitverein-ellefeld.de\/index.php?rest_route=%2Fwp%2Fv2%2Fmedia&parent=414"}],"curies":[{"name":"wp","href":"https:\/\/api.w.org\/{rel}","templated":true}]}}

<ul><li>Gunter Schöniger</li><li>Südstraße 28<br> 08236 Ellefeld</li><li>0176 /72 15 24 48</li></ul>

<p>Gunter Schöniger Südstraße 28 08236 Ellefeld 0176 /72 15 24 48</p>
