{"id":6,"date":"2010-11-30T20:44:37","date_gmt":"2010-11-30T20:44:37","guid":{"rendered":"http:\/\/rfv-ellefeld.vps6852.alfahosting-vps.de\/?page_id=6"},"modified":"2026-03-27T18:28:12","modified_gmt":"2026-03-27T18:28:12","slug":"veranstaltungen","status":"publish","type":"page","link":"https:\/\/www.reitverein-ellefeld.de\/?page_id=6","title":{"rendered":"Veranstaltungen"},"content":{"rendered":"\n<h2 class=\"wp-block-heading\">12.05.2026: 9.00 Uhr Stuteneintragung in Ellefeld<\/h2>\n\n\n\n<h2 class=\"wp-block-heading\">16.06.2026: Fohlenschau<\/h2>\n\n\n\n<h2 class=\"wp-block-heading\">24.05.2026: 21. Equipage in Bad Elster zum Pfingstsonntag<\/h2>\n\n\n\n<h2 class=\"wp-block-heading\">4. und 5.07.2026: Tag des Schweren Warmblutes in Giegengr\u00fcn<\/h2>\n\n\n\n<h2 class=\"wp-block-heading\">5., 13. und 19.09.2026: Moritzburger Hengstparaden<\/h2>\n\n\n\n<h2 class=\"wp-block-heading\">Pferdeschau in Gro\u00dffriesen<\/h2>\n\n\n\n<h2 class=\"wp-block-heading\">4. und 11.10.2026: Arbeitseinsatz f\u00fcr alle RFV-Mitglieder<\/h2>\n\n\n\n<h2 class=\"wp-block-heading\">18.10.2026: Breitensportliche Reitveranstaltung zur Ellefelder Kirmes<\/h2>\n\n\n\n<h2 class=\"wp-block-heading\">25.10.2026: Herbstausritt<\/h2>\n\n\n\n<h2 class=\"wp-block-heading\">6. bis 8.11.2026: Gro\u00dfer Preis von Sachsen, in Chemnitz<\/h2>\n\n\n\n<h2 class=\"wp-block-heading\">29.11.2026: M\u00e4rchenumzug in Auerbach<\/h2>\n\n\n\n<h2 class=\"wp-block-heading\">11.12.2026: 18.00 Uhr Weihnachtsfeier des RFV<\/h2>\n","protected":false},"excerpt":{"rendered":"<p>12.05.2026: 9.00 Uhr Stuteneintragung in Ellefeld 16.06.2026: Fohlenschau 24.05.2026: 21. Equipage in Bad Elster zum Pfingstsonntag 4. und 5.07.2026: Tag des Schweren Warmblutes in Giegengr\u00fcn 5., 13. und 19.09.2026: Moritzburger Hengstparaden Pferdeschau in Gro\u00dffriesen 4. und 11.10.2026: Arbeitseinsatz f\u00fcr alle RFV-Mitglieder 18.10.2026: Breitensportliche Reitveranstaltung zur Ellefelder Kirmes 25.10.2026: Herbstausritt 6. bis 8.11.2026: Gro\u00dfer Preis von [&hellip;]<\/p>\n","protected":false},"author":1,"featured_media":0,"parent":0,"menu_order":2,"comment_status":"open","ping_status":"open","template":"","meta":[],"_links":{"self":[{"href":"https:\/\/www.reitverein-ellefeld.de\/index.php?rest_route=\/wp\/v2\/pages\/6"}],"collection":[{"href":"https:\/\/www.reitverein-ellefeld.de\/index.php?rest_route=\/wp\/v2\/pages"}],"about":[{"href":"https:\/\/www.reitverein-ellefeld.de\/index.php?rest_route=\/wp\/v2\/types\/page"}],"author":[{"embeddable":true,"href":"https:\/\/www.reitverein-ellefeld.de\/index.php?rest_route=\/wp\/v2\/users\/1"}],"replies":[{"embeddable":true,"href":"https:\/\/www.reitverein-ellefeld.de\/index.php?rest_route=%2Fwp%2Fv2%2Fcomments&post=6"}],"version-history":[{"count":433,"href":"https:\/\/www.reitverein-ellefeld.de\/index.php?rest_route=\/wp\/v2\/pages\/6\/revisions"}],"predecessor-version":[{"id":63802,"href":"https:\/\/www.reitverein-ellefeld.de\/index.php?rest_route=\/wp\/v2\/pages\/6\/revisions\/63802"}],"wp:attachment":[{"href":"https:\/\/www.reitverein-ellefeld.de\/index.php?rest_route=%2Fwp%2Fv2%2Fmedia&parent=6"}],"curies":[{"name":"wp","href":"https:\/\/api.w.org\/{rel}","templated":true}]}}

<h2 class="wp-block-heading">12.05.2026: 9.00 Uhr Stuteneintragung in Ellefeld</h2>



<h2 class="wp-block-heading">16.06.2026: Fohlenschau</h2>



<h2 class="wp-block-heading">24.05.2026: 21. Equipage in Bad Elster zum Pfingstsonntag</h2>



<h2 class="wp-block-heading">4. und 5.07.2026: Tag des Schweren Warmblutes in Giegengrün</h2>



<h2 class="wp-block-heading">5., 13. und 19.09.2026: Moritzburger Hengstparaden</h2>



<h2 class="wp-block-heading">Pferdeschau in Großfriesen</h2>



<h2 class="wp-block-heading">4. und 11.10.2026: Arbeitseinsatz für alle RFV-Mitglieder</h2>



<h2 class="wp-block-heading">18.10.2026: Breitensportliche Reitveranstaltung zur Ellefelder Kirmes</h2>



<h2 class="wp-block-heading">25.10.2026: Herbstausritt</h2>



<h2 class="wp-block-heading">6. bis 8.11.2026: Großer Preis von Sachsen, in Chemnitz</h2>



<h2 class="wp-block-heading">29.11.2026: Märchenumzug in Auerbach</h2>



<h2 class="wp-block-heading">11.12.2026: 18.00 Uhr Weihnachtsfeier des RFV</h2>

<p>12.05.2026: 9.00 Uhr Stuteneintragung in Ellefeld 16.06.2026: Fohlenschau 24.05.2026: 21. Equipage in Bad Elster zum Pfingstsonntag 4. und 5.07.2026: Tag des Schweren Warmblutes in Giegengrün 5., 13. und 19.09.2026: Moritzburger Hengstparaden Pferdeschau in Großfriesen 4. und 11.10.2026: Arbeitseinsatz für alle RFV-Mitglieder 18.10.2026: Breitensportliche Reitveranstaltung zur Ellefelder Kirmes 25.10.2026: Herbstausritt 6. bis 8.11.2026: Großer Preis von [&hellip;]</p>
