{"id":71,"date":"2011-10-04T19:08:11","date_gmt":"2011-10-04T19:08:11","guid":{"rendered":"http:\/\/rfv.vps6852.alfahosting-vps.de\/?page_id=71"},"modified":"2023-04-09T20:24:10","modified_gmt":"2023-04-09T20:24:10","slug":"buchempfehlungen","status":"publish","type":"page","link":"https:\/\/www.reitverein-ellefeld.de\/?page_id=71","title":{"rendered":"Buchempfehlungen"},"content":{"rendered":"\n<h3 class=\"wp-block-heading\">Das Pferdebuch f\u00fcr junge Reiter (Isabelle von Neumann-Cosel)<\/h3>\n\n\n\n<figure class=\"wp-block-image size-full\"><a href=\"https:\/\/www.reitverein-ellefeld.de\/wp-content\/uploads\/Buch1.webp\"><img decoding=\"async\" loading=\"lazy\" width=\"231\" height=\"327\" src=\"https:\/\/www.reitverein-ellefeld.de\/wp-content\/uploads\/Buch1.webp\" alt=\"\" class=\"wp-image-63166\" srcset=\"https:\/\/www.reitverein-ellefeld.de\/wp-content\/uploads\/Buch1.webp 231w, https:\/\/www.reitverein-ellefeld.de\/wp-content\/uploads\/Buch1-212x300.webp 212w\" sizes=\"(max-width: 231px) 100vw, 231px\" \/><\/a><\/figure>\n\n\n\n<p>In fast vier Jahrzehnten hat sich \u201eDas Pferdebuch f\u00fcr junge Reiter\u201c zu einem der erfolgreichsten deutsch-sprachigen Pferdeb\u00fccher entwickelt. Das Buch hat weit \u00fcber 100 000 jugendliche Leserinnen und Leser bei der Begegnung mit ihren Lieblingstieren begleitet. Jetzt liegt der Klassiker in einer kompletten Neubearbeitung vor: mit neuen Texten und Bildern, bew\u00e4hrten und zus\u00e4tzlichen Themen. Die Neuauflage tr\u00e4gt den gro\u00dfen Ver\u00e4nderungen des Reitsports, aber auch der jugendlichen Leserschaft in den letzten Jahrzehnten Rechnung. Pferde sind nach wie vor h\u00f6chst popul\u00e4r und beliebt \u2013 sie sind in Filmen und B\u00fcchern, in den Sozialen Medien und erfolgreichen Pferdeshows pr\u00e4sent. Die M\u00f6glichkeiten der realen Begegnung mit Pferden sind f\u00fcr Jugendliche dagegen schwieriger geworden. Gleichzeitig hat die gesellschaftliche Sensibilit\u00e4t f\u00fcr die nat\u00fcrlichen Bed\u00fcrfnisse der Pferde und ihrer urspr\u00fcnglichen Verhaltensweisen in hohem Ma\u00df zugenommen. Der Zauber der direkten Begegnung mit Pferden entfaltet auch heute seine magische Anziehungskraft; seri\u00f6ses Wissen \u00fcber die gr\u00f6\u00dften vierbeinigen Partner der Menschen muss sich dagegen der Konkurrenz vielf\u00e4ltiger Meinungs\u00e4u\u00dferungen im Internet stellen. Das Pferdebuch f\u00fcr junge Reiter kl\u00e4rt auf und erkl\u00e4rt: \u2022 Von der Geburt eines Fohlens bis zu den Faktoren die f\u00fcr ein gutes Pferdeleben den Ausschlag geben \u2022 Von dem nat\u00fcrlichen Verhalten der Pferde bis zu den Spielregeln f\u00fcr einen konfliktfreien Umgang \u2022 Von der Pferdepflege bis zur Bodenarbeit \u2022 Von den Grundlagen einer erfolgreichen Pferdeausbildung bis zu den ersten eigenen Schritten im Sattel \u2022 Von unterschiedlichen Pferderassen und -talenten bis zur gro\u00dfen Welt des Pferdesports Shetlandpony Felix f\u00fchrt mit liebensw\u00fcrdiger Pers\u00f6nlichkeit und gro\u00dfem Charme durch die unterschiedlichen Themen. Interessante, au\u00dfergew\u00f6hnliche und witzige Fun Facts sind attraktive Zugaben f\u00fcr die neugierige, aufgeschlossene junge Leserschaft von heute.<\/p>\n\n\n\n<h3 class=\"wp-block-heading\"><strong>Dressurreiten mit Begeisterung (von Uta Gr\u00e4f)<\/strong><\/h3>\n\n\n\n<p>Lehrfilmreihe mit Uta Gr\u00e4f aus dem FNverlag<\/p>\n\n\n\n<figure class=\"wp-block-image size-full\"><a href=\"https:\/\/www.reitverein-ellefeld.de\/wp-content\/uploads\/81THA9MY-L._AC_UY327_FMwebp_QL65_.webp\"><img decoding=\"async\" loading=\"lazy\" width=\"358\" height=\"327\" src=\"https:\/\/www.reitverein-ellefeld.de\/wp-content\/uploads\/81THA9MY-L._AC_UY327_FMwebp_QL65_.webp\" alt=\"\" class=\"wp-image-63170\" srcset=\"https:\/\/www.reitverein-ellefeld.de\/wp-content\/uploads\/81THA9MY-L._AC_UY327_FMwebp_QL65_.webp 358w, https:\/\/www.reitverein-ellefeld.de\/wp-content\/uploads\/81THA9MY-L._AC_UY327_FMwebp_QL65_-300x274.webp 300w\" sizes=\"(max-width: 358px) 100vw, 358px\" \/><\/a><\/figure>\n\n\n\n<p>Uta Gr\u00e4f macht es vor: Pferdegerechte Ausbildung, naturnahe Haltung im Offenstall und S-Dressurpferde, die in einer gro\u00dfen Herde auf der Koppel leben. &#8222;Schlammkruste abkratzen und Grand Prix reiten&#8220; ist ihre Devise. Die neue Lehrfilmreihe &#8222;Dressurreiten mit Begeisterung&#8220; mit und \u00fcber die international erfolgreiche Dressurreiterin zeigt, wie es geht. <\/p>\n\n\n\n<h3 class=\"wp-block-heading\"><strong>Mit dem Pferdesport aktiv bleiben (von Dr. Petra H\u00f6lzel)<\/strong><\/h3>\n\n\n\n<figure class=\"wp-block-image size-full is-resized\"><a href=\"https:\/\/www.reitverein-ellefeld.de\/wp-content\/uploads\/Buch-4.jpg\"><img decoding=\"async\" loading=\"lazy\" src=\"https:\/\/www.reitverein-ellefeld.de\/wp-content\/uploads\/Buch-4.jpg\" alt=\"\" class=\"wp-image-63171\" width=\"252\" height=\"327\"\/><\/a><\/figure>\n\n\n\n<p>Sie m\u00f6chten weiterhin reiten, wieder reiten oder mit dem Reiten erst beginnen? Sie sind dem jugendlichen Alter aber bereits entwachsen und haben deshalb Zweifel? Und Sie sind vom Pferdevirus befallen, der meist chronisch ist? Dann ist es f\u00fcr Sie eine Freude, dieses Buch von der erfahrenen und in der Reitsportszene etablierten Autorin Frau Dr. Petra H\u00f6lzel zu lesen, die wirklich wei\u00df wovon sie spricht.<\/p>\n\n\n\n<h3 class=\"wp-block-heading\"><strong>ABC f\u00fcr Reitanf\u00e4nger (von Michaela Kronenberg)<\/strong><\/h3>\n\n\n\n<figure class=\"wp-block-image size-full is-resized\"><a href=\"https:\/\/www.reitverein-ellefeld.de\/wp-content\/uploads\/Buch-1.jpg\"><img decoding=\"async\" loading=\"lazy\" src=\"https:\/\/www.reitverein-ellefeld.de\/wp-content\/uploads\/Buch-1.jpg\" alt=\"\" class=\"wp-image-63172\" width=\"243\" height=\"340\"\/><\/a><\/figure>\n\n\n\n<p>Die Brosch\u00fcre &#8222;ABC f\u00fcr Reitanf\u00e4nger&#8220; ist ein \u00fcbersichtlicher, anschaulicher und umfassender Begleiter und Ratgeber bei den ersten Schritten in die gro\u00dfe, faszinierende Welt des Reitsports. Aber auch der, der schon einige Reitstunden hinter sich hat, findet hier noch n\u00fctzliche Tipps. Die am h\u00e4ufigsten gestellten Fragen zum Thema Reitsport werden beantwortet.<\/p>\n\n\n\n<p>Schwerpunkt bilden Themen wie ein allgemeiner \u00dcberblick \u00fcber den Reitsport und die verschiedenen Reitweisen, das Wesen der Pferde, das Finden und Erkennen von geeigneten Reitschulen und Ausbildern sowie Sicherheit und Unfallverh\u00c3\u00bctung. Zus\u00e4tzlich erh\u00e4lt der Leser umfassende Hinweise auf weiterf\u00fchrende Literatur oder Internetseiten.<\/p>\n\n\n\n<h3 class=\"wp-block-heading\"><strong>Richtlinien f\u00fcr Reiten und Fahren (Deutsche Reiterliche Vereinigung e.V. (FN))<\/strong><\/h3>\n\n\n\n<figure class=\"wp-block-image size-full\"><a href=\"https:\/\/www.reitverein-ellefeld.de\/wp-content\/uploads\/Buch-3.jpg\"><img decoding=\"async\" loading=\"lazy\" width=\"172\" height=\"242\" src=\"https:\/\/www.reitverein-ellefeld.de\/wp-content\/uploads\/Buch-3.jpg\" alt=\"\" class=\"wp-image-63173\"\/><\/a><\/figure>\n\n\n\n<p>Band 1: Grundausbildung f\u00fcr Reiter und Pferd<\/p>\n\n\n\n<p>Band 2: Ausbildung f\u00fcr Fortgeschrittene<\/p>\n\n\n\n<p><\/p>\n","protected":false},"excerpt":{"rendered":"<p>Das Pferdebuch f\u00fcr junge Reiter (Isabelle von Neumann-Cosel) In fast vier Jahrzehnten hat sich \u201eDas Pferdebuch f\u00fcr junge Reiter\u201c zu einem der erfolgreichsten deutsch-sprachigen Pferdeb\u00fccher entwickelt. Das Buch hat weit \u00fcber 100 000 jugendliche Leserinnen und Leser bei der Begegnung mit ihren Lieblingstieren begleitet. Jetzt liegt der Klassiker in einer kompletten Neubearbeitung vor: mit neuen [&hellip;]<\/p>\n","protected":false},"author":1,"featured_media":0,"parent":0,"menu_order":5,"comment_status":"open","ping_status":"open","template":"","meta":[],"_links":{"self":[{"href":"https:\/\/www.reitverein-ellefeld.de\/index.php?rest_route=\/wp\/v2\/pages\/71"}],"collection":[{"href":"https:\/\/www.reitverein-ellefeld.de\/index.php?rest_route=\/wp\/v2\/pages"}],"about":[{"href":"https:\/\/www.reitverein-ellefeld.de\/index.php?rest_route=\/wp\/v2\/types\/page"}],"author":[{"embeddable":true,"href":"https:\/\/www.reitverein-ellefeld.de\/index.php?rest_route=\/wp\/v2\/users\/1"}],"replies":[{"embeddable":true,"href":"https:\/\/www.reitverein-ellefeld.de\/index.php?rest_route=%2Fwp%2Fv2%2Fcomments&post=71"}],"version-history":[{"count":71,"href":"https:\/\/www.reitverein-ellefeld.de\/index.php?rest_route=\/wp\/v2\/pages\/71\/revisions"}],"predecessor-version":[{"id":63174,"href":"https:\/\/www.reitverein-ellefeld.de\/index.php?rest_route=\/wp\/v2\/pages\/71\/revisions\/63174"}],"wp:attachment":[{"href":"https:\/\/www.reitverein-ellefeld.de\/index.php?rest_route=%2Fwp%2Fv2%2Fmedia&parent=71"}],"curies":[{"name":"wp","href":"https:\/\/api.w.org\/{rel}","templated":true}]}}